3 + 4/((-4)/(-5)). Let z be -2*i*(-2)/4. Is 67*(-3)/(-6)*z composite?
False
Let q(a) = 3*a**2 - 1. Let t be q(-1). Suppose -t*o + 260 = -0*o. Suppose -g + o = g. Is g prime?
False
Suppose -3*q + 6*q - 609 = 0. Is q prime?
False
Is 1381 - (-1)/(-2)*0 a composite number?
False
Let t = 269 + -4. Is t composite?
True
Suppose 0 = 2*p - 104 - 90. Is p composite?
False
Let z(t) = -33*t + 1. Is z(-6) composite?
False
Let i = 33 - -2. Is i prime?
False
Suppose 2*b + 573 = 5*c, -2*c = 4*b - 2*b - 232. Is c composite?
True
Suppose -3*z = -z - 1442. Is z prime?
False
Let k be 1*(-3 + (-2 - -3)). Is (-158)/(-1)*(-1)/k composite?
False
Is 3159/15 + 4/10 a prime number?
True
Suppose 2*u - 10436 = -2*u. Is u composite?
False
Suppose -78 = -2*y + 4*w, -2*y = w - 0*w - 88. Is y a prime number?
True
Let t(i) = 2*i + 2. Let l be t(-2). Is -74*((-2)/4 + l) composite?
True
Let i be -2 + (4 - 2/(-1)). Suppose j + 105 = i*j. Is j a composite number?
True
Let h(l) = 2*l**3 - 2*l**2 - 2*l - 3. Let q be h(3). Let a = 38 - q. Is a a composite number?
False
Let h(j) = j - 2. Let z be h(4). Suppose -1505 = z*d - 7*d. Is d a prime number?
False
Let l(k) = k**3 - k**2 + k + 1. Let s(y) = 4*y**3 + y - 1. Let j(q) = 5*l(q) - s(q). Is j(5) prime?
False
Suppose -17*v + 301 = o - 14*v, 5*v + 10 = 0. Is o composite?
False
Let l = 1146 + -401. Is l a prime number?
False
Suppose -f - p = f - 5, -f - 3*p = 0. Suppose f*x = -6 - 6. Let n(k) = 2*k**2 + 3*k - 1. Is n(x) a prime number?
True
Suppose 0 = 2*a - 7 - 1. Suppose -2 = a*y + 6. Is (74/(-1))/y - -2 a composite number?
True
Let n(b) = b**2 + 2*b - 3. Let k be n(2). Suppose k*o - 5*a + a = 59, 4*a = -o + 7. Is o a composite number?
False
Is 21/28 - (-66)/8 a prime number?
False
Suppose 1424 = 7*a - 1943. Is a a composite number?
True
Suppose 2*j - j = 5*r - 1371, -r + 4*j + 259 = 0. Suppose t = -2*p + 12, -5*t + 5 + 10 = -5*p. Suppose -t*a = -a - r. Is a a prime number?
False
Is (-890)/(-12) + (-3)/18 prime?
False
Let d be (-12)/9 - 2/(-6). Let m be 1*(0 - 1)*-1. Is (m + -2)*118*d a composite number?
True
Is 2*(-177)/(-6)*3 a composite number?
True
Suppose 5*c = 14 + 11, 3*c = 4*i + 15. Suppose i = -2*p + 3*q + 659, 5*q - q = 2*p - 658. Is p composite?
False
Suppose 762 = 26*n - 20*n. Is n composite?
False
Let r = -11 - -11. Let j = 0 - 1. Is -13*1*(r + j) composite?
False
Let v = 1 + -10. Is (0 - 43)/(9/v) composite?
False
Let p = -6 - -8. Let q = p - 1. Is (0 - 25/(-1))*q prime?
False
Suppose 0 = -5*v - q + 6922, -1373 = -v + 3*q - 7*q. Is v composite?
True
Let u be (-3)/((-21)/12 - -1). Suppose -u*d - 3*j + 342 - 52 = 0, 2*j + 78 = d. Is d prime?
False
Let p(l) = -l + 6. Let g be p(0). Let w be (-394)/g*(19 + -1). Is w/(-9) + (-1)/3 a composite number?
False
Let g(l) = -29*l**2 - l. Let w(k) = k**2. Let m(o) = -g(o) - 4*w(o). Is m(1) composite?
True
Let u(x) = 2*x**3 - 12*x**2 - 9*x - 7. Let b be u(9). Suppose 4*l - 198 = b. Is l a prime number?
True
Suppose -5*r + 5*t + 35 = 0, 0*r - 27 = -5*r + 3*t. Suppose -r*i - 59 = -p - i, 4*p - 264 = i. Is p a prime number?
True
Suppose -2*s = -2 - 2. Suppose 0 = -s*o + 415 + 1671. Is o prime?
False
Let w = 4 - 2. Is (-1)/w*(-534)/3 a composite number?
False
Is 11427/18 + (-1)/(-6) a prime number?
False
Let r(p) = -p**3 + 1. Let j be r(-1). Suppose -4*t - j*s + 11 = -t, 0 = s - 1. Suppose -2*d = -2*b + 50, -t*b = 3*d - d - 60. Is b composite?
True
Let z(w) = 74*w + 1. Is z(5) a prime number?
False
Let g(h) = 5*h**3 - h**2 - 8*h. Let x(t) = -4*t**3 + t**2 + 7*t - 1. Let q(b) = -2*g(b) - 3*x(b). Is q(4) a composite number?
True
Let w(r) = 4*r + 4 - 11*r + r**2 - 2 - 1. Is w(-9) prime?
False
Let s = 0 + 0. Suppose s = -b - 5*c + 27, -2*b + 0*c + 2*c + 54 = 0. Suppose 0 = 4*o + 3*u - b, 0*o - 2*u - 22 = -4*o. Is o composite?
True
Let x(o) = -o + 10. Let y be x(7). Suppose -z + 51 = 3*b, -y*b = z + b - 46. Let j = z - 40. Is j a composite number?
True
Let k(l) = 148*l**2 + 5*l + 16. Is k(-5) a prime number?
True
Let h be (-3)/(-3)*(-2 + 7). Suppose h*m + 0 + 21 = 3*d, -3*m = d + 7. Suppose -d*i = z - 77, i = 5*z + 4*i - 357. Is z a composite number?
True
Is (4 + (-4 - 1))*-1202 prime?
False
Let q = 6420 - 3265. Is q a composite number?
True
Suppose 0 = 5*n + 20. Is -46*n/2 + -3 composite?
False
Suppose 4*x + 16 = 0, 2*i + 6 + 6 = -4*x. Suppose m = 1 + i. Is m/(-1) + (-3 - -257) a prime number?
True
Is 218 - ((1 - 5) + 7) prime?
False
Let h = -1458 - -6157. Is h prime?
False
Let d(u) = -3 + 2*u**2 + 0*u + 0 + 4*u. Let a = 7 + -11. Is d(a) a prime number?
True
Let s(v) = -86*v - 4. Let a be s(-3). Is (a/(-4) - 0)*-2 a composite number?
False
Let o be 0 + 5*-5 + 2. Let g = o + 33. Is ((-8)/g)/(2/(-15)) a prime number?
False
Let i(y) = -14*y + 1. Let t be (8/2 - -5)/(-1). Is i(t) composite?
False
Suppose 0 = f - 3*z - 11, f + 7*z - 2*z + 5 = 0. Suppose f*j = 2*j + 330. Suppose x - j - 18 = -3*t, 231 = 2*x + t. Is x a composite number?
False
Suppose 2*m - 1423 = 1995. Is m prime?
True
Let z = 1319 - 830. Is ((-5)/15)/((-1)/z) composite?
False
Let q(z) = -7*z + 2. Let d(r) = r - 1. Let g(t) = 2*d(t) - 2*q(t). Is g(5) a prime number?
False
Let p be (6 - -1)*(8 + 6). Suppose 0 = 5*n + p + 47. Let g = n + 40. Is g prime?
True
Let w be (-4)/5*10/(-4). Suppose -l = w*l - 12. Suppose 0 = 4*j - 8, 9*x - l*x - 37 = -j. Is x a prime number?
True
Suppose -5*p + 5*z = -2105, p - 4*p + 1255 = -z. Is p a composite number?
True
Let i be (38/(-6))/((-1)/(-6)). Let x be 6/9 - i/6. Let q = x - -12. Is q a prime number?
True
Suppose -2*j - 32 + 258 = 0. Is j prime?
True
Let t(r) = -3*r**2 + 2*r + 1. Let g be t(-1). Let d(s) = -6*s + 5. Let a be d(g). Suppose -5 - a = -u. Is u a prime number?
False
Let k = -13 + 9. Is (2/k)/(3/(-402)) prime?
True
Let x = -21 - -14. Let q = 5 + x. Is q*2/((-8)/138) a composite number?
True
Suppose -3*c = 6, -5*k + 5*c + 3209 = 3*c. Is k a prime number?
True
Let l(f) = 7*f - 1. Let s be l(1). Suppose 3*z = s, 14 = 2*m + z + z. Suppose -m*i - 2*q = -227 - 374, 3*i - 3*q = 348. Is i a prime number?
False
Suppose -2*m + 12 = 2*m. Suppose -3*d - 5*c + 4 = -7, 4*d = m*c + 5. Let u = d - -35. Is u composite?
False
Suppose -2*y = -4*v + 4, 3*y - 5 = -y - 5*v. Suppose j - 42 - 47 = y. Is j a prime number?
True
Let v(c) = -4 + 0 + 2*c**2 - 3*c + 4*c**2. Is v(-3) a composite number?
False
Suppose -14*r = -16*r + 4634. Is r composite?
True
Is (-4)/(-10) - (-6459)/15 a prime number?
True
Suppose 0 = -3*l + 271 + 590. Is l composite?
True
Suppose -2*l + 468 = 3*b - 5*b, 3*l + 4*b - 695 = 0. Is l a composite number?
False
Suppose 0 = 5*p - 2*a + 4*a - 399, -324 = -4*p - 4*a. Is p composite?
False
Let l(m) = -m. Let w(f) = 77*f. Let r(n) = -66*l(n) - w(n). Let j(x) = -x - 6. Let q be j(-5). Is r(q) prime?
True
Let j = 0 + 2. Suppose -4 = 2*o + j*o. Is 33 - (3*o - -2) a composite number?
True
Let z = 3 - -1. Let a(f) = 20*f**2 + 5*f + 2. Let o be a(z). Let u = o - 197. Is u composite?
True
Let o = 2 + -3. Let i be 10/(-5)*(-3 - o). Is i*2/(8/37) a prime number?
True
Let p(b) = b**2 - 8*b + 3. Let x be (21/(-6))/((-1)/2). Let l be p(x). Is (-1)/l - 2255/(-20) prime?
True
Let q = 201 - -28. Let b = q - 140. Is b a prime number?
True
Let x = 952 + 3691. Is x a composite number?
False
Let u = -56 + 123. Is u a prime number?
True
Let q(i) = -i**2 - i + 5. Let y be q(0). Suppose -5*l = -y*f - 570, 3*f + 0*f = -3. Is l a prime number?
True
Is (1 - -406)/(-18 - -19) prime?
False
Suppose 0 = 2*k + 5*i - 21, 4*i - 3*i + 1 = -3*k. Let a be 194/10 - (-4)/(-10). Let y = a - k. Is y a prime number?
False
Let c = 841 - 452. Is c prime?
True
Let g(o) = -343*o**3 - 3*o**2 - 6*o - 9. Is g(-2) composite?
True
Let y be (-6)/(-4)*(-128)/24. Let w be y/44 - (-1060)/22. Suppose -p = -g - 16 + 2, -3*g = 3*p - w. Is p prime?
False
Let g be (-20)/6*(-18)/15. Suppose -60 = v - g*v. Is (v/6)/(14/777) a composite number?
True
Let c be -1 - (-54*13)/3. Let f = c + -114. Is f prime?
False
Let z(f) = 65*f + 2. Let k be z(1). Let a = 258 - k. Is a prime?
True
Let y(f) = -f**2 + 6*f - 3. Let r be y(5). Suppose 3 = -v - r*v. Is ((-194)/(-4))/(v/(-2)) composite?
False
Let q(h) = h**3 + 4*h**2 - 6*h - 2. Let b be q(-5). Suppose -43 = -b*a + 116. Is a a prime number?
True
Suppose 0 = -3*h + a + 3*a + 7, 5*h - 27 = -a. Let b = 60 + -4